{"id":77,"date":"2025-09-15T15:33:06","date_gmt":"2025-09-15T20:33:06","guid":{"rendered":"https:\/\/egresados2.unillanos.edu.co\/?page_id=77"},"modified":"2025-09-23T15:22:25","modified_gmt":"2025-09-23T20:22:25","slug":"tarjeta-profesional","status":"publish","type":"page","link":"https:\/\/egresados.unillanos.edu.co\/index.php\/tarjeta-profesional\/","title":{"rendered":"Tarjeta Profesional"},"content":{"rendered":"\n<h1 class=\"wp-block-heading\">Tarjeta Profesional<\/h1>\n\n\n\n<p>Egresado Unillanista no olvide que, dependiendo del t\u00edtulo profesional obtenido, debe gestionar la solicitud de su tarjeta profesional, la cual certifica que cumple con los est\u00e1ndares acad\u00e9micos y \u00e9ticos para ejercer su profesi\u00f3n, tenga en cuenta que la tarjeta profesional no aplica para todos los Programas Acad\u00e9micos.<\/p>\n\n\n\n<ul class=\"wp-block-list\">\n<li><strong>Programa de Administraci\u00f3n\u00a0de Empresas<\/strong> Consejo\u00a0Profesional\u00a0de\u00a0Administraci\u00f3n\u00a0de\u00a0Empresas<\/li>\n<\/ul>\n\n\n\n<p><a href=\"http:\/\/www.cpae.gov.co\/\">http:\/\/www.cpae.gov.co\/<\/a><\/p>\n\n\n\n<ul class=\"wp-block-list\">\n<li><strong>Programa de<\/strong>\u00a0<strong>Contadur\u00eda\u00a0P\u00fablica:\u00a0<\/strong><\/li>\n<\/ul>\n\n\n\n<p>Junta Central de&nbsp;Contadores<\/p>\n\n\n\n<p><a href=\"https:\/\/www.jcc.gov.co\/es\/tarjeta-profesional-de-contador-publico-1-vez\">https:\/\/www.jcc.gov.co\/es\/tarjeta-profesional-de-contador-publico-1-vez<\/a><\/p>\n\n\n\n<ul class=\"wp-block-list\">\n<li><strong>Programa de Econom\u00eda<\/strong>\u00a0<br>Consejo\u00a0Nacional\u00a0Profesional\u00a0de\u00a0Econom\u00eda<\/li>\n<\/ul>\n\n\n\n<p><a href=\"https:\/\/www.conalpe.gov.co\">https:\/\/www.conalpe.gov.co<\/a><\/p>\n\n\n\n<ul class=\"wp-block-list\">\n<li><strong>Programas de Ingenier\u00eda Electr\u00f3nica<br><\/strong>Consejo Profesional Nacional de Ingenier\u00edas El\u00e9ctrica, Mec\u00e1nica y profesiones afines, Aciem,\u00a0<\/li>\n<\/ul>\n\n\n\n<p><a href=\"https:\/\/www.consejoprofesional.org.co\">https:\/\/www.consejoprofesional.org.co<\/a><\/p>\n\n\n\n<ul class=\"wp-block-list\">\n<li><strong>Programas de Ingenier\u00eda Agron\u00f3mica, Ingenier\u00eda Ambiental, Ingenier\u00eda de Sistemas, Ingenier\u00eda Industrial\u00a0<\/strong><\/li>\n<\/ul>\n\n\n\n<p>Consejo Profesional Nacional de Ingenier\u00eda, Copnia.<\/p>\n\n\n\n<p><a href=\"https:\/\/www.copnia.gov.co\/tramites-y-servicios\/matricula-profesional-para-ingenieros-y-afines\">https:\/\/www.copnia.gov.co\/tramites-y-servicios\/matricula-profesional-para-ingenieros-y-afines<\/a><\/p>\n","protected":false},"excerpt":{"rendered":"<p>Tarjeta Profesional Egresado Unillanista no olvide que, dependiendo del t\u00edtulo profesional obtenido, debe gestionar la solicitud de su tarjeta profesional, la cual certifica que cumple con los est\u00e1ndares acad\u00e9micos y \u00e9ticos para ejercer su profesi\u00f3n, tenga en cuenta que la tarjeta profesional no aplica para todos los Programas Acad\u00e9micos. http:\/\/www.cpae.gov.co\/ Junta Central de&nbsp;Contadores https:\/\/www.jcc.gov.co\/es\/tarjeta-profesional-de-contador-publico-1-vez https:\/\/www.conalpe.gov.co [&hellip;]<\/p>\n","protected":false},"author":1,"featured_media":0,"parent":0,"menu_order":0,"comment_status":"closed","ping_status":"closed","template":"","meta":{"_eb_attr":"","footnotes":""},"class_list":["post-77","page","type-page","status-publish","hentry"],"blocksy_meta":{"has_hero_section":"disabled","styles_descriptor":{"styles":{"desktop":"","tablet":"","mobile":""},"google_fonts":[],"version":6}},"_links":{"self":[{"href":"https:\/\/egresados.unillanos.edu.co\/index.php\/wp-json\/wp\/v2\/pages\/77","targetHints":{"allow":["GET"]}}],"collection":[{"href":"https:\/\/egresados.unillanos.edu.co\/index.php\/wp-json\/wp\/v2\/pages"}],"about":[{"href":"https:\/\/egresados.unillanos.edu.co\/index.php\/wp-json\/wp\/v2\/types\/page"}],"author":[{"embeddable":true,"href":"https:\/\/egresados.unillanos.edu.co\/index.php\/wp-json\/wp\/v2\/users\/1"}],"replies":[{"embeddable":true,"href":"https:\/\/egresados.unillanos.edu.co\/index.php\/wp-json\/wp\/v2\/comments?post=77"}],"version-history":[{"count":2,"href":"https:\/\/egresados.unillanos.edu.co\/index.php\/wp-json\/wp\/v2\/pages\/77\/revisions"}],"predecessor-version":[{"id":106,"href":"https:\/\/egresados.unillanos.edu.co\/index.php\/wp-json\/wp\/v2\/pages\/77\/revisions\/106"}],"wp:attachment":[{"href":"https:\/\/egresados.unillanos.edu.co\/index.php\/wp-json\/wp\/v2\/media?parent=77"}],"curies":[{"name":"wp","href":"https:\/\/api.w.org\/{rel}","templated":true}]}}